{"id":39,"date":"2022-05-19T13:01:14","date_gmt":"2022-05-19T13:01:14","guid":{"rendered":"https:\/\/freitagcommunication.ch\/?page_id=39"},"modified":"2022-11-21T15:02:46","modified_gmt":"2022-11-21T15:02:46","slug":"about","status":"publish","type":"page","link":"https:\/\/freitagcommunication.ch\/?page_id=39","title":{"rendered":"\u00dcber mich"},"content":{"rendered":"\n<p class=\"wp-block-paragraph\"><strong>Schreib-Handwerk<\/strong><br>Ich schreibe und das schon lange. Zurzeit bespiele ich die Buchstabenklaviatur f\u00fcr freitagcommunication. Ich bin diplomierter Corporate Writer und habe Germanistik studiert. Das Handwerk erlernte ich &#8211; als Redaktorin im Marketingteam eines Lastwagenkonzerns, auf einer PR-Agentur, als Redaktionsverantwortliche einer Regionalzeitung sowie als Redaktorin und Korrektorin eines Verlages f\u00fcr Hochglanzmagazine.<\/p>\n\n\n\n<p class=\"wp-block-paragraph\"><strong>Schreib-Naturell<\/strong><br>Ich bin als Schreibprofi ein vielseitig interessiertes Individuum, will verstehen und stelle deshalb gerne zahlreiche Fragen. Dann bin ich ganz Ohr und erkenne leicht Priorit\u00e4ten und Zusammenh\u00e4nge. Besonders gut bin ich in Themen, von denen ich zum ersten Mal h\u00f6re: Was beim Schreib-Consulting n\u00fctzlich ist. Aber auch Interessensgebiete packe ich einfach und redaktionell \u00fcberzeugend in eine Geschichte; wie Themen aus Natur, Verhaltensbiologie, Neurobiologie, Zeitgeschehen, Psychologie, Geschichte und Kunst.<\/p>\n\n\n\n<p class=\"wp-block-paragraph\"><strong>Coaching-Zuhause Z\u00fcrich<\/strong><br>Mein Leben findet im Raum Z\u00fcrich statt. Ich liebe meine Geburtsstadt und daran insbesondere den See. Aber die Schweizer Berge und der wilde, hohe skandinavische Norden liegen mir auch am Herzen.<\/p>\n\n\n\n<p class=\"wp-block-paragraph\"><strong>Storytelling und mehr<\/strong><br>Zeit f\u00fcr viele Hobbies? W\u00fcsste nicht woher. Dennoch findet einiges in meiner Woche Platz: Zeitunglesen, f\u00fcr mein Kind Geschichten erfinden, mir schwierige Hunde ausleihen und sie zu Vorstadth\u00fcndchen dressieren, Querfeldein-Wandern oder mit dem Radiosound mitsingen.<\/p>\n\n\n\n<p class=\"wp-block-paragraph\"><\/p>\n\n\n\n<p class=\"wp-block-paragraph\"><\/p>\n\n\n\n\n\n<h2 class=\"wp-block-heading\"><\/h2>\n\n\n\n<pre class=\"wp-block-preformatted\"><\/pre>\n","protected":false},"excerpt":{"rendered":"<p>Schreib-HandwerkIch schreibe und das schon lange. Zurzeit bespiele ich die Buchstabenklaviatur f\u00fcr freitagcommunication. Ich bin diplomierter Corporate Writer und habe Germanistik studiert. Das Handwerk erlernte ich &#8211; als Redaktorin im Marketingteam eines Lastwagenkonzerns, auf einer PR-Agentur, als Redaktionsverantwortliche einer Regionalzeitung sowie als Redaktorin und Korrektorin eines Verlages f\u00fcr Hochglanzmagazine. Schreib-NaturellIch bin als Schreibprofi ein vielseitig&hellip;<\/p>\n","protected":false},"author":1,"featured_media":0,"parent":0,"menu_order":0,"comment_status":"closed","ping_status":"closed","template":"","meta":{"_ti_tpc_template_sync":false,"_ti_tpc_template_id":"","footnotes":""},"class_list":["post-39","page","type-page","status-publish","hentry","comments-closed","no-comments"],"yoast_head":"<!-- This site is optimized with the Yoast SEO plugin v19.0 - https:\/\/yoast.com\/wordpress\/plugins\/seo\/ -->\n<title>\u00dcber mich - freitagcommunication<\/title>\n<meta name=\"robots\" content=\"index, follow, max-snippet:-1, max-image-preview:large, max-video-preview:-1\" \/>\n<link rel=\"canonical\" href=\"https:\/\/freitagcommunication.ch\/?page_id=39\" \/>\n<meta property=\"og:locale\" content=\"de_DE\" \/>\n<meta property=\"og:type\" content=\"article\" \/>\n<meta property=\"og:title\" content=\"\u00dcber mich - freitagcommunication\" \/>\n<meta property=\"og:description\" content=\"Schreib-HandwerkIch schreibe und das schon lange. Zurzeit bespiele ich die Buchstabenklaviatur f\u00fcr freitagcommunication. Ich bin diplomierter Corporate Writer und habe Germanistik studiert. Das Handwerk erlernte ich &#8211; als Redaktorin im Marketingteam eines Lastwagenkonzerns, auf einer PR-Agentur, als Redaktionsverantwortliche einer Regionalzeitung sowie als Redaktorin und Korrektorin eines Verlages f\u00fcr Hochglanzmagazine. Schreib-NaturellIch bin als Schreibprofi ein vielseitig&hellip;\" \/>\n<meta property=\"og:url\" content=\"https:\/\/freitagcommunication.ch\/?page_id=39\" \/>\n<meta property=\"og:site_name\" content=\"freitagcommunication\" \/>\n<meta property=\"article:modified_time\" content=\"2022-11-21T15:02:46+00:00\" \/>\n<meta name=\"twitter:card\" content=\"summary_large_image\" \/>\n<meta name=\"twitter:label1\" content=\"Gesch\u00e4tzte Lesezeit\" \/>\n\t<meta name=\"twitter:data1\" content=\"2\u00a0Minuten\" \/>\n<script type=\"application\/ld+json\" class=\"yoast-schema-graph\">{\"@context\":\"https:\/\/schema.org\",\"@graph\":[{\"@type\":\"WebSite\",\"@id\":\"https:\/\/freitagcommunication.ch\/#website\",\"url\":\"https:\/\/freitagcommunication.ch\/\",\"name\":\"freitagcommunication\",\"description\":\"Textprofi: dein Coach f\u00fcrs Schreiben und Vortragen\",\"potentialAction\":[{\"@type\":\"SearchAction\",\"target\":{\"@type\":\"EntryPoint\",\"urlTemplate\":\"https:\/\/freitagcommunication.ch\/?s={search_term_string}\"},\"query-input\":\"required name=search_term_string\"}],\"inLanguage\":\"de\"},{\"@type\":\"WebPage\",\"@id\":\"https:\/\/freitagcommunication.ch\/?page_id=39#webpage\",\"url\":\"https:\/\/freitagcommunication.ch\/?page_id=39\",\"name\":\"\u00dcber mich - freitagcommunication\",\"isPartOf\":{\"@id\":\"https:\/\/freitagcommunication.ch\/#website\"},\"datePublished\":\"2022-05-19T13:01:14+00:00\",\"dateModified\":\"2022-11-21T15:02:46+00:00\",\"breadcrumb\":{\"@id\":\"https:\/\/freitagcommunication.ch\/?page_id=39#breadcrumb\"},\"inLanguage\":\"de\",\"potentialAction\":[{\"@type\":\"ReadAction\",\"target\":[\"https:\/\/freitagcommunication.ch\/?page_id=39\"]}]},{\"@type\":\"BreadcrumbList\",\"@id\":\"https:\/\/freitagcommunication.ch\/?page_id=39#breadcrumb\",\"itemListElement\":[{\"@type\":\"ListItem\",\"position\":1,\"name\":\"Startseite\",\"item\":\"https:\/\/freitagcommunication.ch\/\"},{\"@type\":\"ListItem\",\"position\":2,\"name\":\"\u00dcber mich\"}]}]}<\/script>\n<!-- \/ Yoast SEO plugin. -->","yoast_head_json":{"title":"\u00dcber mich - freitagcommunication","robots":{"index":"index","follow":"follow","max-snippet":"max-snippet:-1","max-image-preview":"max-image-preview:large","max-video-preview":"max-video-preview:-1"},"canonical":"https:\/\/freitagcommunication.ch\/?page_id=39","og_locale":"de_DE","og_type":"article","og_title":"\u00dcber mich - freitagcommunication","og_description":"Schreib-HandwerkIch schreibe und das schon lange. Zurzeit bespiele ich die Buchstabenklaviatur f\u00fcr freitagcommunication. Ich bin diplomierter Corporate Writer und habe Germanistik studiert. Das Handwerk erlernte ich &#8211; als Redaktorin im Marketingteam eines Lastwagenkonzerns, auf einer PR-Agentur, als Redaktionsverantwortliche einer Regionalzeitung sowie als Redaktorin und Korrektorin eines Verlages f\u00fcr Hochglanzmagazine. Schreib-NaturellIch bin als Schreibprofi ein vielseitig&hellip;","og_url":"https:\/\/freitagcommunication.ch\/?page_id=39","og_site_name":"freitagcommunication","article_modified_time":"2022-11-21T15:02:46+00:00","twitter_card":"summary_large_image","twitter_misc":{"Gesch\u00e4tzte Lesezeit":"2\u00a0Minuten"},"schema":{"@context":"https:\/\/schema.org","@graph":[{"@type":"WebSite","@id":"https:\/\/freitagcommunication.ch\/#website","url":"https:\/\/freitagcommunication.ch\/","name":"freitagcommunication","description":"Textprofi: dein Coach f\u00fcrs Schreiben und Vortragen","potentialAction":[{"@type":"SearchAction","target":{"@type":"EntryPoint","urlTemplate":"https:\/\/freitagcommunication.ch\/?s={search_term_string}"},"query-input":"required name=search_term_string"}],"inLanguage":"de"},{"@type":"WebPage","@id":"https:\/\/freitagcommunication.ch\/?page_id=39#webpage","url":"https:\/\/freitagcommunication.ch\/?page_id=39","name":"\u00dcber mich - freitagcommunication","isPartOf":{"@id":"https:\/\/freitagcommunication.ch\/#website"},"datePublished":"2022-05-19T13:01:14+00:00","dateModified":"2022-11-21T15:02:46+00:00","breadcrumb":{"@id":"https:\/\/freitagcommunication.ch\/?page_id=39#breadcrumb"},"inLanguage":"de","potentialAction":[{"@type":"ReadAction","target":["https:\/\/freitagcommunication.ch\/?page_id=39"]}]},{"@type":"BreadcrumbList","@id":"https:\/\/freitagcommunication.ch\/?page_id=39#breadcrumb","itemListElement":[{"@type":"ListItem","position":1,"name":"Startseite","item":"https:\/\/freitagcommunication.ch\/"},{"@type":"ListItem","position":2,"name":"\u00dcber mich"}]}]}},"jetpack_sharing_enabled":true,"_links":{"self":[{"href":"https:\/\/freitagcommunication.ch\/index.php?rest_route=\/wp\/v2\/pages\/39","targetHints":{"allow":["GET"]}}],"collection":[{"href":"https:\/\/freitagcommunication.ch\/index.php?rest_route=\/wp\/v2\/pages"}],"about":[{"href":"https:\/\/freitagcommunication.ch\/index.php?rest_route=\/wp\/v2\/types\/page"}],"author":[{"embeddable":true,"href":"https:\/\/freitagcommunication.ch\/index.php?rest_route=\/wp\/v2\/users\/1"}],"replies":[{"embeddable":true,"href":"https:\/\/freitagcommunication.ch\/index.php?rest_route=%2Fwp%2Fv2%2Fcomments&post=39"}],"version-history":[{"count":13,"href":"https:\/\/freitagcommunication.ch\/index.php?rest_route=\/wp\/v2\/pages\/39\/revisions"}],"predecessor-version":[{"id":345,"href":"https:\/\/freitagcommunication.ch\/index.php?rest_route=\/wp\/v2\/pages\/39\/revisions\/345"}],"wp:attachment":[{"href":"https:\/\/freitagcommunication.ch\/index.php?rest_route=%2Fwp%2Fv2%2Fmedia&parent=39"}],"curies":[{"name":"wp","href":"https:\/\/api.w.org\/{rel}","templated":true}]}}

Über mich

<p class="wp-block-paragraph"><strong>Schreib-Handwerk</strong><br>Ich schreibe und das schon lange. Zurzeit bespiele ich die Buchstabenklaviatur für freitagcommunication. Ich bin diplomierter Corporate Writer und habe Germanistik studiert. Das Handwerk erlernte ich &#8211; als Redaktorin im Marketingteam eines Lastwagenkonzerns, auf einer PR-Agentur, als Redaktionsverantwortliche einer Regionalzeitung sowie als Redaktorin und Korrektorin eines Verlages für Hochglanzmagazine.</p>



<p class="wp-block-paragraph"><strong>Schreib-Naturell</strong><br>Ich bin als Schreibprofi ein vielseitig interessiertes Individuum, will verstehen und stelle deshalb gerne zahlreiche Fragen. Dann bin ich ganz Ohr und erkenne leicht Prioritäten und Zusammenhänge. Besonders gut bin ich in Themen, von denen ich zum ersten Mal höre: Was beim Schreib-Consulting nützlich ist. Aber auch Interessensgebiete packe ich einfach und redaktionell überzeugend in eine Geschichte; wie Themen aus Natur, Verhaltensbiologie, Neurobiologie, Zeitgeschehen, Psychologie, Geschichte und Kunst.</p>



<p class="wp-block-paragraph"><strong>Coaching-Zuhause Zürich</strong><br>Mein Leben findet im Raum Zürich statt. Ich liebe meine Geburtsstadt und daran insbesondere den See. Aber die Schweizer Berge und der wilde, hohe skandinavische Norden liegen mir auch am Herzen.</p>



<p class="wp-block-paragraph"><strong>Storytelling und mehr</strong><br>Zeit für viele Hobbies? Wüsste nicht woher. Dennoch findet einiges in meiner Woche Platz: Zeitunglesen, für mein Kind Geschichten erfinden, mir schwierige Hunde ausleihen und sie zu Vorstadthündchen dressieren, Querfeldein-Wandern oder mit dem Radiosound mitsingen.</p>



<p class="wp-block-paragraph"></p>



<p class="wp-block-paragraph"></p>





<h2 class="wp-block-heading"></h2>



<pre class="wp-block-preformatted"></pre>

<p>Schreib-HandwerkIch schreibe und das schon lange. Zurzeit bespiele ich die Buchstabenklaviatur für freitagcommunication. Ich bin diplomierter Corporate Writer und habe Germanistik studiert. Das Handwerk erlernte ich &#8211; als Redaktorin im Marketingteam eines Lastwagenkonzerns, auf einer PR-Agentur, als Redaktionsverantwortliche einer Regionalzeitung sowie als Redaktorin und Korrektorin eines Verlages für Hochglanzmagazine. Schreib-NaturellIch bin als Schreibprofi ein vielseitig&hellip;</p>

<!-- This site is optimized with the Yoast SEO plugin v19.0 - https://yoast.com/wordpress/plugins/seo/ -->
<title>Über mich - freitagcommunication</title>
<meta name="robots" content="index, follow, max-snippet:-1, max-image-preview:large, max-video-preview:-1" />
<link rel="canonical" href="https://freitagcommunication.ch/?page_id=39" />
<meta property="og:locale" content="de_DE" />
<meta property="og:type" content="article" />
<meta property="og:title" content="Über mich - freitagcommunication" />
<meta property="og:description" content="Schreib-HandwerkIch schreibe und das schon lange. Zurzeit bespiele ich die Buchstabenklaviatur für freitagcommunication. Ich bin diplomierter Corporate Writer und habe Germanistik studiert. Das Handwerk erlernte ich &#8211; als Redaktorin im Marketingteam eines Lastwagenkonzerns, auf einer PR-Agentur, als Redaktionsverantwortliche einer Regionalzeitung sowie als Redaktorin und Korrektorin eines Verlages für Hochglanzmagazine. Schreib-NaturellIch bin als Schreibprofi ein vielseitig&hellip;" />
<meta property="og:url" content="https://freitagcommunication.ch/?page_id=39" />
<meta property="og:site_name" content="freitagcommunication" />
<meta property="article:modified_time" content="2022-11-21T15:02:46+00:00" />
<meta name="twitter:card" content="summary_large_image" />
<meta name="twitter:label1" content="Geschätzte Lesezeit" />
	<meta name="twitter:data1" content="2 Minuten" />
<script type="application/ld+json" class="yoast-schema-graph">{"@context":"https://schema.org","@graph":[{"@type":"WebSite","@id":"https://freitagcommunication.ch/#website","url":"https://freitagcommunication.ch/","name":"freitagcommunication","description":"Textprofi: dein Coach fürs Schreiben und Vortragen","potentialAction":[{"@type":"SearchAction","target":{"@type":"EntryPoint","urlTemplate":"https://freitagcommunication.ch/?s={search_term_string}"},"query-input":"required name=search_term_string"}],"inLanguage":"de"},{"@type":"WebPage","@id":"https://freitagcommunication.ch/?page_id=39#webpage","url":"https://freitagcommunication.ch/?page_id=39","name":"Über mich - freitagcommunication","isPartOf":{"@id":"https://freitagcommunication.ch/#website"},"datePublished":"2022-05-19T13:01:14+00:00","dateModified":"2022-11-21T15:02:46+00:00","breadcrumb":{"@id":"https://freitagcommunication.ch/?page_id=39#breadcrumb"},"inLanguage":"de","potentialAction":[{"@type":"ReadAction","target":["https://freitagcommunication.ch/?page_id=39"]}]},{"@type":"BreadcrumbList","@id":"https://freitagcommunication.ch/?page_id=39#breadcrumb","itemListElement":[{"@type":"ListItem","position":1,"name":"Startseite","item":"https://freitagcommunication.ch/"},{"@type":"ListItem","position":2,"name":"Über mich"}]}]}</script>
<!-- / Yoast SEO plugin. -->

Über mich - freitagcommunication

Schreib-HandwerkIch schreibe und das schon lange. Zurzeit bespiele ich die Buchstabenklaviatur für freitagcommunication. Ich bin diplomierter Corporate Writer und habe Germanistik studiert. Das Handwerk erlernte ich &#8211; als Redaktorin im Marketingteam eines Lastwagenkonzerns, auf einer PR-Agentur, als Redaktionsverantwortliche einer Regionalzeitung sowie als Redaktorin und Korrektorin eines Verlages für Hochglanzmagazine. Schreib-NaturellIch bin als Schreibprofi ein vielseitig&hellip;

Textprofi: dein Coach fürs Schreiben und Vortragen
